{"id":2284,"date":"2017-08-20T07:22:28","date_gmt":"2017-08-20T11:22:28","guid":{"rendered":"https:\/\/moondoghosting.com\/bienestar\/?post_type=testimonial&#038;p=2284"},"modified":"2018-02-15T18:57:46","modified_gmt":"2018-02-15T22:57:46","slug":"marie","status":"publish","type":"testimonial","link":"https:\/\/bienestarintegrado.com\/en\/testimonial\/marie\/","title":{"rendered":"Marie"},"content":{"rendered":"The educational program of the C.M.P.R. causes a cognitive, emotional and social level growth in those students who attend. It is a school that changes the way of linking the ideas and thoughts of those who are educated there. I was a student at C.M.P.R. and now I understand that I had an advanced, progressive, and reaffirming education. I can say with pride that my education was not overwhelming. It was the place that taught me to exchange ideas and opinions, be myself and grow. Certainly comprehensive education from my childhood all the way through high school.El programa educativo del C.M.P.R.  provoca un crecimiento a nivel cognitivo, emocional y social en los estudiantes que toca.  Es un colegio que cambia la forma de enlazar las ideas y pensamientos de los seres que se educan ah\u00ed. Yo fui estudiante del Colegio y hoy en d\u00eda entiendo que tuve una educaci\u00f3n de avanzada, progresista y reafirmadora. Mi educaci\u00f3n, puedo decir con orgullo, no fue bancaria ni fue aplastante hacia mi persona. Fue el lugar que me ense\u00f1\u00f3 a intercambiar ideas y opiniones, a ser yo misma y a crecer. Una educaci\u00f3n sin duda integral desde mi Infancia hasta escuela Superior.","protected":false},"excerpt":{"rendered":"<p>The educational program of the C.M.P.R. causes a cognitive, emotional and social level growth in those students who attend. It is a school that changes the way of linking the ideas and thoughts of those who are educated there. I was a student at C.M.P.R. and now I &hellip; <a href=\"https:\/\/bienestarintegrado.com\/en\/testimonial\/marie\/\">Read more<\/a><\/p>\n","protected":false},"featured_media":0,"menu_order":0,"template":"","testimonial-group":[150],"class_list":["post-2284","testimonial","type-testimonial","status-publish","hentry","testimonial-group-colegio-montessori-de-pr"],"yoast_head":"<!-- This site is optimized with the Yoast SEO plugin v27.3 - https:\/\/yoast.com\/product\/yoast-seo-wordpress\/ -->\n<title>Marie | Bienestar Integrado<\/title>\n<meta name=\"robots\" content=\"index, follow, max-snippet:-1, max-image-preview:large, max-video-preview:-1\" \/>\n<link rel=\"canonical\" href=\"https:\/\/bienestarintegrado.com\/en\/testimonial\/marie\/\" \/>\n<meta property=\"og:locale\" content=\"en_US\" \/>\n<meta property=\"og:type\" content=\"article\" \/>\n<meta property=\"og:title\" content=\"Marie | Bienestar Integrado\" \/>\n<meta property=\"og:description\" content=\"The educational program of the C.M.P.R. causes a cognitive, emotional and social level growth in those students who attend. It is a school that changes the way of linking the ideas and thoughts of those who are educated there. I was a student at C.M.P.R. and now I &hellip; Read more\" \/>\n<meta property=\"og:url\" content=\"https:\/\/bienestarintegrado.com\/en\/testimonial\/marie\/\" \/>\n<meta property=\"og:site_name\" content=\"Bienestar Integrado\" \/>\n<meta property=\"article:publisher\" content=\"https:\/\/www.facebook.com\/BienestarIntegradoPR\/\" \/>\n<meta property=\"article:modified_time\" content=\"2018-02-15T22:57:46+00:00\" \/>\n<meta property=\"og:image\" content=\"https:\/\/bienestarintegrado.com\/wp-content\/uploads\/2016\/02\/logothumb.jpg\" \/>\n\t<meta property=\"og:image:width\" content=\"631\" \/>\n\t<meta property=\"og:image:height\" content=\"631\" \/>\n\t<meta property=\"og:image:type\" content=\"image\/jpeg\" \/>\n<meta name=\"twitter:card\" content=\"summary_large_image\" \/>\n<meta name=\"twitter:label1\" content=\"Est. reading time\" \/>\n\t<meta name=\"twitter:data1\" content=\"2 minutes\" \/>\n<script type=\"application\/ld+json\" class=\"yoast-schema-graph\">{\"@context\":\"https:\\\/\\\/schema.org\",\"@graph\":[{\"@type\":\"WebPage\",\"@id\":\"https:\\\/\\\/bienestarintegrado.com\\\/en\\\/testimonial\\\/marie\\\/\",\"url\":\"https:\\\/\\\/bienestarintegrado.com\\\/en\\\/testimonial\\\/marie\\\/\",\"name\":\"Marie | Bienestar Integrado\",\"isPartOf\":{\"@id\":\"https:\\\/\\\/bienestarintegrado.com\\\/en\\\/#website\"},\"datePublished\":\"2017-08-20T11:22:28+00:00\",\"dateModified\":\"2018-02-15T22:57:46+00:00\",\"breadcrumb\":{\"@id\":\"https:\\\/\\\/bienestarintegrado.com\\\/en\\\/testimonial\\\/marie\\\/#breadcrumb\"},\"inLanguage\":\"en-US\",\"potentialAction\":[{\"@type\":\"ReadAction\",\"target\":[[\"https:\\\/\\\/bienestarintegrado.com\\\/en\\\/testimonial\\\/marie\\\/\"]]}]},{\"@type\":\"BreadcrumbList\",\"@id\":\"https:\\\/\\\/bienestarintegrado.com\\\/en\\\/testimonial\\\/marie\\\/#breadcrumb\",\"itemListElement\":[{\"@type\":\"ListItem\",\"position\":1,\"name\":\"Home\",\"item\":\"https:\\\/\\\/bienestarintegrado.com\\\/en\\\/\"},{\"@type\":\"ListItem\",\"position\":2,\"name\":\"Marie\"}]},{\"@type\":\"WebSite\",\"@id\":\"https:\\\/\\\/bienestarintegrado.com\\\/en\\\/#website\",\"url\":\"https:\\\/\\\/bienestarintegrado.com\\\/en\\\/\",\"name\":\"Bienestar Integrado\",\"description\":\"Holitic Solutions for Your Wellbeing\",\"publisher\":{\"@id\":\"https:\\\/\\\/bienestarintegrado.com\\\/en\\\/#organization\"},\"potentialAction\":[{\"@type\":\"SearchAction\",\"target\":{\"@type\":\"EntryPoint\",\"urlTemplate\":\"https:\\\/\\\/bienestarintegrado.com\\\/en\\\/?s={search_term_string}\"},\"query-input\":{\"@type\":\"PropertyValueSpecification\",\"valueRequired\":true,\"valueName\":\"search_term_string\"}}],\"inLanguage\":\"en-US\"},{\"@type\":\"Organization\",\"@id\":\"https:\\\/\\\/bienestarintegrado.com\\\/en\\\/#organization\",\"name\":\"Bienestar Integrado, LLC\",\"url\":\"https:\\\/\\\/bienestarintegrado.com\\\/en\\\/\",\"logo\":{\"@type\":\"ImageObject\",\"inLanguage\":\"en-US\",\"@id\":\"https:\\\/\\\/bienestarintegrado.com\\\/en\\\/#\\\/schema\\\/logo\\\/image\\\/\",\"url\":\"https:\\\/\\\/bienestarintegrado.com\\\/wp-content\\\/uploads\\\/2015\\\/09\\\/logo.png\",\"contentUrl\":\"https:\\\/\\\/bienestarintegrado.com\\\/wp-content\\\/uploads\\\/2015\\\/09\\\/logo.png\",\"width\":718,\"height\":270,\"caption\":\"Bienestar Integrado, LLC\"},\"image\":{\"@id\":\"https:\\\/\\\/bienestarintegrado.com\\\/en\\\/#\\\/schema\\\/logo\\\/image\\\/\"},\"sameAs\":[\"https:\\\/\\\/www.facebook.com\\\/BienestarIntegradoPR\\\/\"]}]}<\/script>\n<!-- \/ Yoast SEO plugin. -->","yoast_head_json":{"title":"Marie | Bienestar Integrado","robots":{"index":"index","follow":"follow","max-snippet":"max-snippet:-1","max-image-preview":"max-image-preview:large","max-video-preview":"max-video-preview:-1"},"canonical":"https:\/\/bienestarintegrado.com\/en\/testimonial\/marie\/","og_locale":"en_US","og_type":"article","og_title":"Marie | Bienestar Integrado","og_description":"The educational program of the C.M.P.R. causes a cognitive, emotional and social level growth in those students who attend. It is a school that changes the way of linking the ideas and thoughts of those who are educated there. I was a student at C.M.P.R. and now I &hellip; Read more","og_url":"https:\/\/bienestarintegrado.com\/en\/testimonial\/marie\/","og_site_name":"Bienestar Integrado","article_publisher":"https:\/\/www.facebook.com\/BienestarIntegradoPR\/","article_modified_time":"2018-02-15T22:57:46+00:00","og_image":[{"width":631,"height":631,"url":"https:\/\/bienestarintegrado.com\/wp-content\/uploads\/2016\/02\/logothumb.jpg","type":"image\/jpeg"}],"twitter_card":"summary_large_image","twitter_misc":{"Est. reading time":"2 minutes"},"schema":{"@context":"https:\/\/schema.org","@graph":[{"@type":"WebPage","@id":"https:\/\/bienestarintegrado.com\/en\/testimonial\/marie\/","url":"https:\/\/bienestarintegrado.com\/en\/testimonial\/marie\/","name":"Marie | Bienestar Integrado","isPartOf":{"@id":"https:\/\/bienestarintegrado.com\/en\/#website"},"datePublished":"2017-08-20T11:22:28+00:00","dateModified":"2018-02-15T22:57:46+00:00","breadcrumb":{"@id":"https:\/\/bienestarintegrado.com\/en\/testimonial\/marie\/#breadcrumb"},"inLanguage":"en-US","potentialAction":[{"@type":"ReadAction","target":[["https:\/\/bienestarintegrado.com\/en\/testimonial\/marie\/"]]}]},{"@type":"BreadcrumbList","@id":"https:\/\/bienestarintegrado.com\/en\/testimonial\/marie\/#breadcrumb","itemListElement":[{"@type":"ListItem","position":1,"name":"Home","item":"https:\/\/bienestarintegrado.com\/en\/"},{"@type":"ListItem","position":2,"name":"Marie"}]},{"@type":"WebSite","@id":"https:\/\/bienestarintegrado.com\/en\/#website","url":"https:\/\/bienestarintegrado.com\/en\/","name":"Bienestar Integrado","description":"Holitic Solutions for Your Wellbeing","publisher":{"@id":"https:\/\/bienestarintegrado.com\/en\/#organization"},"potentialAction":[{"@type":"SearchAction","target":{"@type":"EntryPoint","urlTemplate":"https:\/\/bienestarintegrado.com\/en\/?s={search_term_string}"},"query-input":{"@type":"PropertyValueSpecification","valueRequired":true,"valueName":"search_term_string"}}],"inLanguage":"en-US"},{"@type":"Organization","@id":"https:\/\/bienestarintegrado.com\/en\/#organization","name":"Bienestar Integrado, LLC","url":"https:\/\/bienestarintegrado.com\/en\/","logo":{"@type":"ImageObject","inLanguage":"en-US","@id":"https:\/\/bienestarintegrado.com\/en\/#\/schema\/logo\/image\/","url":"https:\/\/bienestarintegrado.com\/wp-content\/uploads\/2015\/09\/logo.png","contentUrl":"https:\/\/bienestarintegrado.com\/wp-content\/uploads\/2015\/09\/logo.png","width":718,"height":270,"caption":"Bienestar Integrado, LLC"},"image":{"@id":"https:\/\/bienestarintegrado.com\/en\/#\/schema\/logo\/image\/"},"sameAs":["https:\/\/www.facebook.com\/BienestarIntegradoPR\/"]}]}},"_links":{"self":[{"href":"https:\/\/bienestarintegrado.com\/en\/wp-json\/wp\/v2\/testimonial\/2284","targetHints":{"allow":["GET"]}}],"collection":[{"href":"https:\/\/bienestarintegrado.com\/en\/wp-json\/wp\/v2\/testimonial"}],"about":[{"href":"https:\/\/bienestarintegrado.com\/en\/wp-json\/wp\/v2\/types\/testimonial"}],"wp:attachment":[{"href":"https:\/\/bienestarintegrado.com\/en\/wp-json\/wp\/v2\/media?parent=2284"}],"wp:term":[{"taxonomy":"testimonial-group","embeddable":true,"href":"https:\/\/bienestarintegrado.com\/en\/wp-json\/wp\/v2\/testimonial-group?post=2284"}],"curies":[{"name":"wp","href":"https:\/\/api.w.org\/{rel}","templated":true}]}}

The educational program of the C.M.P.R. causes a cognitive, emotional and social level growth in those students who attend. It is a school that changes the way of linking the ideas and thoughts of those who are educated there. I was a student at C.M.P.R. and now I understand that I had an advanced, progressive, and reaffirming education. I can say with pride that my education was not overwhelming. It was the place that taught me to exchange ideas and opinions, be myself and grow. Certainly comprehensive education from my childhood all the way through high school.El programa educativo del C.M.P.R.  provoca un crecimiento a nivel cognitivo, emocional y social en los estudiantes que toca.  Es un colegio que cambia la forma de enlazar las ideas y pensamientos de los seres que se educan ahí. Yo fui estudiante del Colegio y hoy en día entiendo que tuve una educación de avanzada, progresista y reafirmadora. Mi educación, puedo decir con orgullo, no fue bancaria ni fue aplastante hacia mi persona. Fue el lugar que me enseñó a intercambiar ideas y opiniones, a ser yo misma y a crecer. Una educación sin duda integral desde mi Infancia hasta escuela Superior.
